{"id":74,"date":"2022-08-30T20:31:43","date_gmt":"2022-08-30T18:31:43","guid":{"rendered":"http:\/\/www.tsv-staffelstein.de\/faustball\/?page_id=74"},"modified":"2022-11-01T16:19:23","modified_gmt":"2022-11-01T15:19:23","slug":"foerderverein","status":"publish","type":"page","link":"https:\/\/www.tsv-staffelstein.de\/faustball\/foerderverein\/","title":{"rendered":"F\u00f6rderverein"},"content":{"rendered":"\t\t<div data-elementor-type=\"wp-page\" data-elementor-id=\"74\" class=\"elementor elementor-74\">\n\t\t\t\t\t\t<section class=\"elementor-section elementor-top-section elementor-element elementor-element-08091b9 elementor-section-boxed elementor-section-height-default elementor-section-height-default\" data-id=\"08091b9\" data-element_type=\"section\" data-e-type=\"section\">\n\t\t\t\t\t\t<div class=\"elementor-container elementor-column-gap-default\">\n\t\t\t\t\t<div class=\"elementor-column elementor-col-100 elementor-top-column elementor-element elementor-element-2a89b98\" data-id=\"2a89b98\" data-element_type=\"column\" data-e-type=\"column\">\n\t\t\t<div class=\"elementor-widget-wrap elementor-element-populated\">\n\t\t\t\t\t\t<div class=\"elementor-element elementor-element-e4a2d42 elementor-widget elementor-widget-heading\" data-id=\"e4a2d42\" data-element_type=\"widget\" data-e-type=\"widget\" data-widget_type=\"heading.default\">\n\t\t\t\t<div class=\"elementor-widget-container\">\n\t\t\t\t\t<h2 class=\"elementor-heading-title elementor-size-default\">F\u00f6rderverein<\/h2>\t\t\t\t<\/div>\n\t\t\t\t<\/div>\n\t\t\t\t\t<\/div>\n\t\t<\/div>\n\t\t\t\t\t<\/div>\n\t\t<\/section>\n\t\t\t\t<section class=\"elementor-section elementor-top-section elementor-element elementor-element-741e632 elementor-section-boxed elementor-section-height-default elementor-section-height-default\" data-id=\"741e632\" data-element_type=\"section\" data-e-type=\"section\">\n\t\t\t\t\t\t<div class=\"elementor-container elementor-column-gap-default\">\n\t\t\t\t\t<div class=\"elementor-column elementor-col-100 elementor-top-column elementor-element elementor-element-72ab651\" data-id=\"72ab651\" data-element_type=\"column\" data-e-type=\"column\">\n\t\t\t<div class=\"elementor-widget-wrap elementor-element-populated\">\n\t\t\t\t\t\t<div class=\"elementor-element elementor-element-a55a23e elementor-widget elementor-widget-text-editor\" data-id=\"a55a23e\" data-element_type=\"widget\" data-e-type=\"widget\" data-widget_type=\"text-editor.default\">\n\t\t\t\t<div class=\"elementor-widget-container\">\n\t\t\t\t\t\t\t\t\t<p>Sie m\u00f6chten den Faustballsport des TSV Staffelstein unterst\u00fctzen?&nbsp;<\/p>\n<p>Wir, die Faustballabteilung, sind f\u00fcr jede Spende und Unterst\u00fctzung dankbar, da wir nur so Fahrten zu Spieltagen, Ausstattungen, etc. finanzieren k\u00f6nnen.&nbsp;<\/p>\n<p>Hier k\u00f6nnen Sie sich als Mitglied des F\u00f6rdervereins anmelden und\/oder finden auch die Daten f\u00fcr mitgliedschaftsunabh\u00e4ngige Spenden: <a href=\"https:\/\/www.faustball-f\u00f6rdern.de\/\" target=\"_blank\" rel=\"noopener\">https:\/\/www.faustball-f\u00f6rdern.de\/<\/a><\/p>\t\t\t\t\t\t\t\t<\/div>\n\t\t\t\t<\/div>\n\t\t\t\t\t<\/div>\n\t\t<\/div>\n\t\t\t\t\t<\/div>\n\t\t<\/section>\n\t\t\t\t<section class=\"elementor-section elementor-top-section elementor-element elementor-element-3518096 elementor-section-boxed elementor-section-height-default elementor-section-height-default\" data-id=\"3518096\" data-element_type=\"section\" data-e-type=\"section\">\n\t\t\t\t\t\t<div class=\"elementor-container elementor-column-gap-default\">\n\t\t\t\t\t<div class=\"elementor-column elementor-col-100 elementor-top-column elementor-element elementor-element-c3eb689\" data-id=\"c3eb689\" data-element_type=\"column\" data-e-type=\"column\">\n\t\t\t<div class=\"elementor-widget-wrap elementor-element-populated\">\n\t\t\t\t\t\t<div class=\"elementor-element elementor-element-9b84441 elementor-widget elementor-widget-image\" data-id=\"9b84441\" data-element_type=\"widget\" data-e-type=\"widget\" data-widget_type=\"image.default\">\n\t\t\t\t<div class=\"elementor-widget-container\">\n\t\t\t\t\t\t\t\t\t\t\t\t\t\t\t<img fetchpriority=\"high\" decoding=\"async\" width=\"264\" height=\"300\" src=\"https:\/\/www.tsv-staffelstein.de\/faustball\/wp-content\/uploads\/sites\/4\/2022\/10\/Foerderverein-264x300.png\" class=\"attachment-medium size-medium wp-image-328\" alt=\"\" srcset=\"https:\/\/www.tsv-staffelstein.de\/faustball\/wp-content\/uploads\/sites\/4\/2022\/10\/Foerderverein-264x300.png 264w, https:\/\/www.tsv-staffelstein.de\/faustball\/wp-content\/uploads\/sites\/4\/2022\/10\/Foerderverein.png 739w\" sizes=\"(max-width: 264px) 100vw, 264px\" \/>\t\t\t\t\t\t\t\t\t\t\t\t\t\t\t<\/div>\n\t\t\t\t<\/div>\n\t\t\t\t\t<\/div>\n\t\t<\/div>\n\t\t\t\t\t<\/div>\n\t\t<\/section>\n\t\t\t\t<\/div>\n\t\t","protected":false},"excerpt":{"rendered":"<p>\/*! elementor &#8211; v3.8.0 &#8211; 30-10-2022 *\/ .elementor-heading-title{padding:0;margin:0;line-height:1}.elementor-widget-heading .elementor-heading-title[class*=elementor-size-]&gt;a{color:inherit;font-size:inherit;line-height:inherit}.elementor-widget-heading .elementor-heading-title.elementor-size-small{font-size:15px}.elementor-widget-heading .elementor-heading-title.elementor-size-medium{font-size:19px}.elementor-widget-heading .elementor-heading-title.elementor-size-large{font-size:29px}.elementor-widget-heading .elementor-heading-title.elementor-size-xl{font-size:39px}.elementor-widget-heading .elementor-heading-title.elementor-size-xxl{font-size:59px} F\u00f6rderverein Sie m\u00f6chten den Faustballsport des TSV Staffelstein unterst\u00fctzen?&nbsp; Wir, die Faustballabteilung, sind f\u00fcr jede Spende und Unterst\u00fctzung dankbar, da&#46;&#46;&#46;<\/p>\n","protected":false},"author":2,"featured_media":0,"parent":0,"menu_order":0,"comment_status":"closed","ping_status":"closed","template":"","meta":{"footnotes":""},"folder":[],"class_list":["post-74","page","type-page","status-publish","hentry"],"_links":{"self":[{"href":"https:\/\/www.tsv-staffelstein.de\/faustball\/wp-json\/wp\/v2\/pages\/74","targetHints":{"allow":["GET"]}}],"collection":[{"href":"https:\/\/www.tsv-staffelstein.de\/faustball\/wp-json\/wp\/v2\/pages"}],"about":[{"href":"https:\/\/www.tsv-staffelstein.de\/faustball\/wp-json\/wp\/v2\/types\/page"}],"author":[{"embeddable":true,"href":"https:\/\/www.tsv-staffelstein.de\/faustball\/wp-json\/wp\/v2\/users\/2"}],"replies":[{"embeddable":true,"href":"https:\/\/www.tsv-staffelstein.de\/faustball\/wp-json\/wp\/v2\/comments?post=74"}],"version-history":[{"count":34,"href":"https:\/\/www.tsv-staffelstein.de\/faustball\/wp-json\/wp\/v2\/pages\/74\/revisions"}],"predecessor-version":[{"id":396,"href":"https:\/\/www.tsv-staffelstein.de\/faustball\/wp-json\/wp\/v2\/pages\/74\/revisions\/396"}],"wp:attachment":[{"href":"https:\/\/www.tsv-staffelstein.de\/faustball\/wp-json\/wp\/v2\/media?parent=74"}],"wp:term":[{"taxonomy":"folder","embeddable":true,"href":"https:\/\/www.tsv-staffelstein.de\/faustball\/wp-json\/wp\/v2\/folder?post=74"}],"curies":[{"name":"wp","href":"https:\/\/api.w.org\/{rel}","templated":true}]}}